. Let g be z(-2). Suppose -5*c + g = -3*c. Calculate the greatest common divisor of c and 18.
9
Suppose -4*u = 5*l - 124, -4*u + 61 = 4*l - 35. Calculate the highest common factor of 4 and l.
4
Let s(c) = -c**2 + 10*c - 6. Let a be s(9). Suppose a*t - t = 4. What is the greatest common factor of t and 2?
2
Let j(h) = -h**2 - 7*h - 5. Let o be j(-5). Suppose -5*r + o*i = -27 - 8, 3*r + 4*i = 35. Calculate the highest common factor of r and 63.
9
Let t(k) = -2*k**2 - 11*k - 2. Let n be t(-4). What is the highest common divisor of 70 and n?
10
Let n be 8/(-12)*6 + 268. Calculate the highest common divisor of n and 24.
24
Suppose f - 2 = 9. Suppose -q + 4*q + x = f, -2*q = -x + 1. Let u be ((-19)/q)/((-1)/10). What is the highest common factor of 38 and u?
19
Let g = 5 + 9. Suppose 5*t - g = 16. Let p be (-2 + 28/20)*-5*5. What is the highest common divisor of t and p?
3
Let j be 4/4 - (-6)/2. Suppose -a + 12 = j. Suppose t + t = a. What is the highest common factor of t and 6?
2
Suppose -5 = 2*c - c. Let y(d) = d**3 + 6*d**2 + 2*d + 3. Let q be y(c). What is the greatest common divisor of 45 and q?
9
Let x = 117 + -245. Let q be (-3)/(2*12/x). Calculate the greatest common divisor of q and 128.
16
Let o(r) = -2*r - 7. Let z be o(-6). Let i be 112/10 - 1/z. Suppose -c + 23 = -21. Calculate the highest common factor of i and c.
11
Let n = -95 + 109. What is the greatest common divisor of 77 and n?
7
Suppose 6*w = -4 + 40. Let f(r) = 7*r - 3. Let t be f(w). What is the greatest common factor of t and 26?
13
Let y be (1 + 0)/((-3)/(-18)). Let l = -18 + 33. Calculate the highest common factor of l and y.
3
Suppose d - 3*q + 9 = 32, 40 = 2*d - 4*q. What is the highest common factor of d and 84?
14
Let y(x) = -3*x - 5. Let k be y(-4). Let t = k + 18. Calculate the highest common factor of 5 and t.
5
Let w(v) = 6*v**2 - 2*v + 1. Let i be w(1). Calculate the highest common divisor of i and 10.
5
Let c = 20 + -17. Calculate the highest common factor of 9 and c.
3
Suppose 5*f - 2*f - 291 = 0. Let x = f + -49. What is the highest common divisor of x and 12?
12
Let s = 2 - 0. Let o be 4/(0 + s) - -26. Calculate the greatest common factor of 4 and o.
4
Suppose 3*m = 5*v + 530, 0 = 6*m - 2*m + 2*v - 750. Calculate the highest common factor of 74 and m.
37
Suppose -3*m + 16 = -5. Let v(b) = b + 7. Let w be v(m). What is the highest common factor of w and 35?
7
Let i be 5/(-1)*-9 + -3. What is the highest common divisor of i and 63?
21
Suppose -2*d = -7*d + 4*w, -2*w = -10. Suppose d*u = 3*u + 32. Calculate the highest common factor of 8 and u.
8
Suppose 0 = y + t - 2*t - 3, -2*t + 2 = -y. Calculate the greatest common factor of 4 and y.
4
Let y = 41 - 34. What is the highest common divisor of 7 and y?
7
Let d(x) = 3 - 2*x + 5*x**2 - 3*x**2 - x**2. Let u be d(4). Suppose -2*j + o = -3*o - 60, -130 = -5*j + 5*o. What is the highest common divisor of j and u?
11
Suppose 2*c - 8 = 0, 4*m + m - 6 = c. Suppose -3*b + m*b = -3. Suppose -26 = -b*a + 19. What is the highest common factor of 45 and a?
15
Suppose -2*o + 3*d = -68, -4*o + 3*d + 128 = -d. Let q = -116 + 424. Calculate the highest common factor of o and q.
28
Let a(f) = 74*f**2 - 47*f**2 - f**3 - 9*f + 2 - 39*f**2. Let b be a(-12). What is the greatest common divisor of 10 and b?
10
Suppose -15*x = -16*x + 275. What is the greatest common divisor of x and 11?
11
Let z be 30*((-2)/12 - (-4)/6). What is the highest common factor of 20 and z?
5
Let v(f) = 5*f**2 + 6*f. Let d be v(-4). Calculate the greatest common divisor of d and 7.
7
Let b be (97 - -2) + (-16)/4. Calculate the highest common divisor of 38 and b.
19
Let f(q) = -3*q - 15. Let w be f(-8). Let x be (-4)/(-6) - (-561)/9. What is the highest common divisor of x and w?
9
Suppose 5*g - q = -3*q, 3*q + 15 = 0. Let f(n) = -n**3 - n**2 - 2*n - 3. Let a be f(-2). What is the greatest common divisor of a and g?
1
Suppose -43 + 3 = -3*g + 2*v, -g + 2*v = -20. Let c(i) = -i**2 + 12*i - 15. Let q be c(g). What is the highest common divisor of q and 20?
5
Suppose d + m = 2*d - 9, -2*d = -4*m - 26. Suppose 0 = -p - 2*f - 5, 4*f + d = 2*p - 9. What is the highest common factor of 5 and p?
1
Suppose -4*c + 13 = f, f = -3*c + 9 + 3. Let k(s) = -s**3 + 6*s**2 + 15*s + 11. Let t be k(8). Calculate the highest common divisor of f and t.
3
Suppose 3*m - m - 138 = 0. Suppose 49 = 2*k + 3*v, k + 3*k - 5*v = 87. Calculate the highest common divisor of k and m.
23
Let w(j) = j**2 - 7*j + 8. Let q be w(7). Suppose -r = -0*r + 4*y - 28, r - q = y. What is the highest common divisor of 36 and r?
12
Let a = 273 - 163. What is the highest common factor of 22 and a?
22
Let n = -38 - -170. Let c = 30 - 51. Let y = -9 - c. Calculate the highest common factor of y and n.
12
Let s(t) be the first derivative of -1/2*t**2 + 1/3*t**3 + 1 + 48*t. Let c be s(0). What is the highest common divisor of 12 and c?
12
Let c be 2 + -35*1 + 1. Let y = -22 - c. Suppose -3*b + 6 = -9. Calculate the highest common factor of y and b.
5
Suppose 2*u + 0*g - 4*g = 44, -3*u - 5*g = -44. Calculate the greatest common factor of 6 and u.
6
Let l be 2/(-1*2) - 5. Let y be 16/3 - 4/l. Suppose -q + y = -a - a, 2*q - 12 = a. Calculate the highest common factor of 15 and q.
3
Let h = 30 + -16. What is the highest common factor of 42 and h?
14
Suppose -2*s = -7*s. Let k(u) = u**3 + 108. Let d be k(s). Calculate the greatest common factor of 12 and d.
12
Let b be (-1 - -1 - 135)*-1. Suppose -h = -5 - 3. Suppose a = h + 7. What is the highest common divisor of a and b?
15
Let w(r) = 9*r + 21*r + 2 + 34*r + 35*r. Let v be w(2). Suppose -v = -0*a - 4*a. Calculate the highest common factor of 10 and a.
10
Let c be (0 + 2/1)/(50/275). What is the highest common factor of 33 and c?
11
Suppose -2*m + 8 = 0, 3*m + 103 = s + 4*s. Suppose 4*u + 60 = 2*g, 4*g - 3*u = 128 - s. Calculate the highest common factor of 3 and g.
3
Let j = 98 - 91. Suppose -3*n = 3*d - 228, 3*n - 2*d - 292 = -59. Calculate the highest common factor of n and j.
7
Suppose 6*q - 3*q = 36. Let x be 856/q - 4/(-6). Suppose -x = -w - w. Calculate the greatest common divisor of w and 24.
12
Let k be 16/72 - (-878)/18. Calculate the highest common factor of 7 and k.
7
Suppose 3*g + 50 = 28*g. Calculate the greatest common factor of g and 7.
1
Let s = 5 - 1. Suppose q - s*q + 360 = 0. Suppose 2*l + 3*l = 60. What is the highest common factor of q and l?
12
Let j be -1 + (9 - (3 - 1)). Suppose -2*v = -j*v + 24. Let u be (-24)/(-10) + (-12)/(-20). Calculate the greatest common factor of u and v.
3
Suppose -n - 4*k = 1, 6*k - 63 = 3*n + 3*k. Let g = -2 - n. Calculate the highest common divisor of 120 and g.
15
Let o(r) = -r**3 + 16*r**2 - 10*r + 6. Let c be o(15). Calculate the highest common factor of 9 and c.
9
Let y(n) = 3*n + 1. Let t(r) = -r**2 - 5*r - 3. Let b be t(-3). Let q be y(b). Calculate the greatest common factor of 20 and q.
10
Let c(f) = 6*f**3 + 4*f**2 - f - 4. Let y be c(2). Calculate the highest common divisor of y and 29.
29
Let n = -9 + 5. Let y be (n/(-16))/(2/16). Let t be (-172)/(-22) - y/(-11). What is the greatest common factor of t and 8?
8
Let x be 208/(-7) + (-2)/7. Let b = x - -17. Let w be b/(-1*(-3)/(-30)). What is the greatest common divisor of 13 and w?
13
Suppose 0 = 5*s + 4*k + 14 - 71, -4*k = -2*s + 34. Calculate the highest common divisor of 26 and s.
13
Suppose 0 = h + h - 4. Suppose x + 1 + h = 0. Let i be 377/3 - 1/x. Calculate the highest common factor of 18 and i.
18
Let k(j) = -7*j - 7. Let w be k(-6). What is the highest common factor of 7 and w?
7
Suppose -3*w - 54 = -5*w. Suppose 26 = 3*y - y. Let j = 22 - y. What is the highest common factor of w and j?
9
Suppose 1 + 4 = -5*d, 2*d = -n + 38. What is the greatest common divisor of n and 8?
8
Let z be 7/3 - 7/21. Let i be 33/z*(-8)/(-3). Suppose -17 = -2*q + 5. What is the greatest common factor of i and q?
11
Suppose -7*f - 553 = -14*f. Let j = f + -47. What is the highest common factor of j and 4?
4
Let c be -1 - (3 - 10)/1. Suppose -q + c + 1 = 0. Suppose -4*o + q*o - 180 = 0. What is the greatest common divisor of o and 15?
15
Suppose n + 16 = 2*d + 64, 0 = 2*n + d - 106. Calculate the highest common divisor of 130 and n.
26
Let y(d) = -d**3 + 4*d**2 + 2